 -2*c - 5. Suppose 0 = 5*j - 3*o - 21, 0 = -3*j - g*o + 3*o + 15. What are the prime factors of j?
3
Let c be ((-4)/6)/((-2)/15). Let t(p) = 2*p + p**3 - 3 + 7*p**2 + 3*p + c. What are the prime factors of t(-6)?
2
Let r(h) = -8*h - 4. Let b be ((-5)/(-4))/((-2)/8). Let l be r(b). Suppose l = 5*q + 1. List the prime factors of q.
7
Suppose -2*f = -3*t + 22, 2*f = -5*t + f + 41. Suppose -3 = 5*d - t. Suppose -3*z = -20 - d. List the prime factors of z.
7
Let y(n) = -n**3 + 5*n**2 + 7*n - 5. Let g be y(6). Let s be (g - (-2 - -3)) + 0. List the prime factors of -1*(2 - s) + 6.
2
Suppose -4*u + 6*f = 4*f + 14, -3*f = 5*u + 12. Let x be 245/28*(u + -1). List the prime factors of 4/(-14) + (-710)/x.
2, 5
Let k = 21 + -12. Let a = -29 - -31. List the prime factors of k + (a - 0/(-2)).
11
What are the prime factors of (18/30)/((-2)/(-60))?
2, 3
Let t(d) = -d**2 + 6*d + 2. Let u be t(6). Suppose k = -u*k. Suppose j = o - k*j - 5, -5*o = -4*j - 28. List the prime factors of o.
2
Let p = 3 + -3. Let z(t) be the first derivative of -t**4/4 - t**3/3 + t**2/2 + 14*t + 4. What are the prime factors of z(p)?
2, 7
Suppose 0 = -w - 4*v - 12, 2*v = -w + 3*w - 6. Suppose 7*g - 3*g - 32 = w. List the prime factors of g.
2
Let q(h) be the third derivative of h**6/60 - h**5/120 - h**4/8 - 3*h**2. Let c(a) be the second derivative of q(a). What are the prime factors of c(1)?
11
Suppose 2*l + 22 = -0*l. Let o(w) = 2*w**2 + 2*w + 5. Let y be o(-4). Let d = l + y. List the prime factors of d.
2, 3
Let j be (16/6)/(10/15). Suppose 0*x = 3*m + j*x - 76, -3*m + 2*x = -88. List the prime factors of m.
2, 7
Suppose n - 4*j + 4 = 34, -3*n + 2*j + 60 = 0. List the prime factors of n.
2, 3
Suppose -3*r - 45 = -8*r. Suppose -3*a + 0*a - r = 0. Let b = a - -10. What are the prime factors of b?
7
Let y(u) = -u**3 - 5*u**2 + 6. Let a be y(-5). Suppose -3*o = -a*s + 2*s - 21, 0 = 2*s + 2*o. List the prime factors of s*(-2 + 0/3).
2, 3
Let i be (-10)/(-15) + (-8)/3. Let x be i/(2*(-3)/216). Suppose -5*y = 12 - x. List the prime factors of y.
2, 3
Let f be (2/2)/(1/4). Suppose -107 = -5*o + k, f*o - 37 = 4*k + 55. List the prime factors of o.
3, 7
Let d(i) = -i**2 + 4*i + 7. Suppose -2*a = 3*h - 47, 3*h - 8*h + 5*a = -70. Let n be (-28)/(-6) - (-5)/h. List the prime factors of d(n).
2
Let b(c) = 266*c**2 + 2*c + 1. List the prime factors of b(-1).
5, 53
Suppose -7*x = -2*x. Suppose x - 6 = -2*n. Suppose -n*b + 0*b = -15. What are the prime factors of b?
5
What are the prime factors of (-1 - (-5)/7) + 3836/49?
2, 3, 13
Let w(z) = z**2 + z. Let j(r) = -5*r**2 - 13*r + 9. Let u = -4 - -5. Let m(q) = u*j(q) + 6*w(q). What are the prime factors of m(6)?
3
Let p = 29 + 13. List the prime factors of p.
2, 3, 7
List the prime factors of (680/15)/((-2)/(-3)).
2, 17
Let d(o) = o - 2. Let m be 1 + 7 + (-4)/2. List the prime factors of d(m).
2
Suppose 3 = 5*r + 18. Let s = 0 - r. What are the prime factors of s?
3
Suppose -r = -1, -2*w = -3*w + 3*r + 7. Suppose -3*h + w = -h. Suppose 0 = -h*p + 16 + 39. List the prime factors of p.
11
Let q(o) = o. Suppose 2*i - 2 = -c, 4*i - 2 - 2 = -3*c. Let y be q(c). What are the prime factors of y - -3 - -2*1?
5
Suppose 2 = 3*l - 4. Suppose -3*h - j = 2*h - 127, -l*j = h - 29. List the prime factors of h.
5
Let l(j) = -j**3 - 2*j**2 + 2. Let m be l(-2). Suppose m = -u + 4. Suppose 2*d + d + 4*g = -11, 0 = -u*d - 2*g - 4. List the prime factors of d.
3
Let j(g) = g + 9. Let a(f) = 2*f - 6. Let i be a(5). Suppose i = -x + o + 16, 2*o = -3*x + 11. What are the prime factors of j(x)?
2
Suppose 3*q = 4*u + 15, -2*q + u = 5*u - 30. What are the prime factors of q?
3
Suppose 0 = -b + 5*b + 5*g - 60, -2*b + 4 = -4*g. List the prime factors of b.
2, 5
Let y = 0 + 2. Let p be (2 - 3)*(-2 + -1). Suppose -y*f = -8, p*q = -f + 1 + 18. What are the prime factors of q?
5
Let f = 2 + -1. Let t = f + 35. What are the prime factors of t?
2, 3
Suppose -4*j + 197 - 44 = c, -3*j = 4*c - 131. Let d = j - 22. List the prime factors of d.
3, 5
Let k = 21 - -17. List the prime factors of k.
2, 19
Let g be -1 - (-1 - 14)/3. Let r = g - 1. Suppose -3*c + 33 = -0*c - 3*p, 4*c - r*p - 41 = 0. List the prime factors of c.
2
Suppose -3*q + 4*q = -1. Suppose -5*o + 7*o + 2 = 0. List the prime factors of 1*(o - 11*q).
2, 5
Let d(m) = -m**2 + 14*m - 2. Let w be d(11). Let y = -47 + 28. Let f = w + y. What are the prime factors of f?
2, 3
Let a(l) = -9*l + 3. Let j be a(-8). Let u be 4/6*j/10. Suppose -u*y + y + 28 = 0. List the prime factors of y.
7
Suppose 0*j + j - 5 = 0. Suppose -j*y + 3*y - 3*r + 26 = 0, 3*y = -3*r + 36. List the prime factors of y.
2, 5
Suppose 0 = 4*a + 4*d - 0*d - 64, a + 3*d = 20. List the prime factors of a.
2, 7
List the prime factors of -9 + 11 + (-6)/(-2).
5
Let r be ((-3)/6)/((-1)/(-6)). What are the prime factors of r/(-2 - -5)*-21?
3, 7
Suppose -6*x = -3*x - 324. Suppose 0 = 6*o - 0 - x. What are the prime factors of o?
2, 3
Suppose -208 = -y - 3*y. What are the prime factors of y?
2, 13
What are the prime factors of ((-10)/15*4)/((-6)/423)?
2, 47
Suppose -18*t + 1900 = -584. What are the prime factors of t?
2, 3, 23
Let w be (-2)/(-6) - (-24)/9. What are the prime factors of 7/w*3 - 1?
2, 3
Let o(a) = a**2 - 5*a + 13. Let w(j) = -2*j**2 + 11*j - 25. Let l(b) = 11*o(b) + 6*w(b). List the prime factors of l(10).
3
Let j be -5 - -2 - (-1 - -3). Let d be (3 - j/(-2))*10. Suppose d*b + 37 = 142. List the prime factors of b.
3, 7
Suppose 2*j + j = 0. Suppose 0 = 4*z - j*t - t - 16, 4*z - 16 = 3*t. Suppose 0*r = -z*r + 12. What are the prime factors of r?
3
Let h be 10 + -1 + 2 - 1. Let d = -6 + h. What are the prime factors of 1*-10*(-2)/d?
5
Let u = -16 - -3. Let i = 28 - u. List the prime factors of i.
41
Let b = 39 + -16. List the prime factors of b.
23
Let l = 3 - 2. Let k = l - -9. What are the prime factors of (-7)/(3 + k/(-3))?
3, 7
Let o(v) = 11*v - 9. List the prime factors of o(3).
2, 3
Let x(k) = 29*k + 14. Let d(g) = 10*g + 5. Let f(s) = 17*d(s) - 6*x(s). What are the prime factors of f(-2)?
3
What are the prime factors of (1 + -1 - -12)*1?
2, 3
List the prime factors of 214/4 + (-19)/38.
53
Suppose n - 30 = 16. List the prime factors of n.
2, 23
Let z(r) = r**2 - 8*r - 4. Let l = 22 - 13. What are the prime factors of z(l)?
5
Let b = -107 - -185. List the prime factors of b.
2, 3, 13
Suppose -3*d - z + 4*z = -12, 0 = -3*d + z + 8. List the prime factors of d.
2
Let i = -11 - -15. Suppose i*j - 55 + 3 = 0. List the prime factors of j.
13
Let t(x) = 6*x**2 - x. Let k be t(-1). Let w = 12 - k. List the prime factors of w.
5
Let u(d) = -d**2 + 7*d - 3. Let q be u(5). Suppose q = b + 2. Let m = b - 1. List the prime factors of m.
2
Let m be (-1)/(2/(-8) + 0). Suppose 0*i = -m*i + 20. List the prime factors of i.
5
Suppose 3*d + 267 = 6*j - 2*j, -5*d + 227 = 4*j. What are the prime factors of j?
3, 7
Let a be 8/12 + 241/3. Suppose -114 = -5*p + a. What are the prime factors of p?
3, 13
Let d = -159 - -274. Suppose 0 = -3*n + 8*n - d. List the prime factors of n.
23
Suppose 2*h + h - 5*i = -19, -29 = -2*h - 5*i. Let n(j) = -2*j**3 + 2 - j**2 - 3*j**2 + 0*j + h*j - 3*j. List the prime factors of n(-2).
2
Let u(g) = -2*g - 3. Let h be u(6). Let w = -2 - h. What are the prime factors of w?
13
Let g be 9/6*2/3. What are the prime factors of ((-2)/g + 1)*-8?
2
Let m = 378 - 137. What are the prime factors of m?
241
Suppose 0*f - 2*f + 56 = 0. Let x = f - 18. List the prime factors of x.
2, 5
Let t(k) = 3*k**2 - 5*k - 14. What are the prime factors of t(6)?
2
Let z = -14 + 31. List the prime factors of (-16)/(-6)*(-8 + z).
2, 3
Suppose 0*v = -5*v + 100. Let g = -17 + v. List the prime factors of g.
3
Let h(a) = 2*a**2 - a**2 - a**2 + 29 - a + a**2. List the prime factors of h(0).
29
Let b(z) be the third derivative of -z**5/60 + 3*z**4/8 - 2*z**3/3 - 2*z**2. List the prime factors of b(6).
2, 7
Let d(h) = 3 + 3*h**3 - 1 - 4*h**3 - 5*h + 14*h**2 - 7*h**2. Let s(u) = 2*u**2 + 2*u + 2. Let g be s(-2). What are the prime factors of d(g)?
2
What are the prime factors of 46 + (1 - -2) - -4?
53
Suppose -3 = -3*g + 6. Suppose -4*a = -9 - g. List the prime factors of a.
3
Suppose 3*n = -n - 40. Let t = n + 14. Suppose 9*m = t*m + 10. List the prime factors of m.
2
Let